e
Let w = 456587 - -5790. Is w prime?
True
Suppose 2*u = 4*q + 48, -2*q - 2*u - 24 = -u. Let x be (q/9)/((-1)/879). Is (x/(-12))/(1/(-3)) prime?
True
Let h(m) = -61*m + 108. Let n(w) = 41*w - 71. Let b(g) = -5*h(g) - 7*n(g). Let c = 18 + 1. Is b(c) a composite number?
True
Let i(q) = -4*q - 2 + 67*q + 48*q. Let g be i(-2). Is 2/(-3) + g/(-21) a prime number?
False
Let q(p) = -3*p**3 - 35*p**2 - 43*p + 71. Let o be q(-23). Suppose -o = -3*r + 7807. Is r a composite number?
False
Let x(y) = -1074*y + 24. Let j be x(-1). Suppose -5*o = j - 1493. Is o a composite number?
False
Let p = -36 + 45. Suppose -11*q + p*q + 916 = 0. Let n = 777 - q. Is n a composite number?
True
Is 6719999/99 + ((-6)/(-27) - 0) a prime number?
False
Suppose -3*b - h = -5599, 4*h - 3*h + 9329 = 5*b. Suppose 4*v = b + 1930. Suppose 5*q - 4*q = v. Is q a composite number?
True
Let u(m) = 2*m**3 - 5*m**2 + 165*m - 1118. Is u(7) prime?
False
Let m be (-5)/(5/(-29834)) + (-18)/(-9). Is 1*2/8 + m/16 prime?
False
Suppose 6*o = -376 + 364. Is 1/(-6)*o*241953 prime?
True
Suppose r + 2392935 = 2*i, -584529 = -i + 2*r + 611928. Is i prime?
True
Let j(z) = 5*z**2 + 8*z - 1. Let q(k) = k**3 - 4*k**2 + 4*k - 5. Let o be q(3). Let l be 1*(1 - (-26)/o). Is j(l) a composite number?
True
Let c(l) = 203*l + 68. Let h(w) = -15 - 9*w + 6*w - w - 8. Let u be h(-9). Is c(u) a prime number?
True
Let z(x) = 13*x + 70128. Let n be z(0). Suppose 18*d - 64458 - n = 0. Is d a composite number?
False
Let l be 23/(-92) - -1*(-515)/4. Let i = l - -129. Suppose -4*o - o + 11425 = i. Is o prime?
False
Suppose 0 = -4*w - 8, -2*w = 5*k - 0*w - 20821. Suppose x + 0*x + 2*o = 2087, -o + k = 2*x. Is x composite?
False
Let c = 3391 - 3388. Let m = 5 + -3. Suppose -3*b + c*p + 2289 = 0, m*p + 249 = -b + 1012. Is b composite?
True
Let z(h) = h**2 - 9*h - 24. Let s be z(9). Let v be ((-8)/s)/(1/738). Let y = v + -119. Is y composite?
False
Let v = -75347 - -22706. Let g = v - -82662. Is g a composite number?
True
Let f = 915 + -912. Suppose -12414 = -f*a + 1107. Is a a prime number?
True
Let i(f) = f - 1. Let r(d) = -207*d + 71. Let u(w) = -4*i(w) - r(w). Is u(6) a prime number?
True
Let x(a) = a**3 + 12*a**2 - 2*a - 10. Let f be x(-7). Let y = 318 - f. Is y composite?
True
Let a(g) = 26*g - 1453. Is a(85) a composite number?
False
Let y be (21 + -29)*(-1 + (-2)/(-4)). Let x(g) = 62*g - 57. Is x(y) a composite number?
False
Suppose -100808 = -4*o + 4*h - 6*h, -3*h + 126013 = 5*o. Is o composite?
True
Suppose 4*v + 2*v = 0. Suppose -2*m - 32 = 5*r, 3*r = 5*m - v*m - 44. Is (-2)/r + (-2529)/(-12) prime?
True
Suppose 13*m = -3*q + 1483960, -13*q = -5*m - 14*q + 570754. Is m a composite number?
True
Let j = -1667 - -15560. Let u = 20570 - j. Is u a prime number?
False
Let z(p) = 7*p + 10. Let n be z(0). Suppose -n*w + 35896 = -2*w. Is w prime?
False
Suppose -3*b + 10*o = -97907, -5*b - 72*o + 163316 = -69*o. Is b prime?
False
Let y(x) = -2*x**2 + x - 4. Let c(b) = -b**2 + b - 4. Let d(p) = 3*c(p) - 2*y(p). Let q be d(0). Is 125 + 32/14 + q/14 composite?
False
Is 1/4 - (-93231849)/124 - 9 composite?
True
Suppose 4*h = s + 2*h - 5, 5*h = -2*s + 1. Let q be (140/(-42))/(5/(-6)). Suppose 457 = 2*l - a - 289, -1492 = -q*l + s*a. Is l composite?
False
Let n(i) = 25681*i**3 + 2*i**2 + 2*i - 3. Let t be n(1). Suppose 4*r - t = -c, r + r - 12852 = 5*c. Is r prime?
True
Let r = -5250 - -8210. Suppose a - r = 2*o, -3*o = -3 + 9. Suppose 7*m - a = -345. Is m prime?
True
Suppose -80*k + 2793808 = -2032352 - 380960. Is k a composite number?
False
Let v = 890392 + -544229. Is v prime?
False
Let i = -807 - -49. Let k = i - -1171. Is k composite?
True
Suppose 0 = 3*m - 35*m - 352. Is 4302 + -1 + m + 13 a composite number?
True
Let i(p) = 199*p - 6. Suppose 5*q - 2 = -4*l, 7*q + 5*l + 2 = 3*q. Let u(d) = -40*d + 1. Let n(w) = q*i(w) + 11*u(w). Is n(-6) a composite number?
False
Suppose 5*r = -r + 18. Let x be 930/4*(-4 + -2)/r. Let k = 714 + x. Is k prime?
False
Let t(p) = 109*p + 41. Let y(u) = 7*u - 54. Let w be y(16). Let q = w + -46. Is t(q) composite?
True
Let l be -3 + 9/((-36)/8060). Is (1/8*l)/((-14)/56) prime?
True
Let r(s) = -s**2 - 12*s - 15. Let o be r(-10). Suppose -k = 2*w - 19, -2*w + 15 = o*k - 0. Suppose w*a - 3*a = 2723. Is a a prime number?
True
Let x(h) = h**3 - 4*h**2 + 7*h - 2. Let v be x(7). Let y(q) = -q**2 + 29*q + 45. Let k be y(26). Let t = v + k. Is t prime?
True
Let l(i) = 195*i**3 - 5*i**2 + 26*i - 21. Is l(8) a composite number?
False
Let p(z) = z**2 - 4. Suppose -16*q = -13*q - 9. Let a be p(q). Is a/((-10)/307)*-2 a composite number?
False
Suppose 0 = -2*f - 5*m + 79418, 3*f - f + 3*m = 79418. Is f composite?
False
Let m(q) = -4*q - 88. Let h be m(-20). Is 40912/h*(-1)/2 a prime number?
True
Let u = -186 + 186. Is (-2 + u)*(9510/(-12) - 6) composite?
False
Suppose 0 = -7288*f + 7304*f - 1734352. Is f prime?
False
Suppose 113325 = 9*q + 58255 - 110449. Is q prime?
False
Suppose 616 + 198 = 17*u - 2. Let z(s) = -5*s - 1. Let h be z(6). Let t = u - h. Is t prime?
True
Let d be (60/8)/(9/(-12)) - -2. Let p be (-18)/(-8) + d/32. Suppose -5*s = -i - 5240, p*s + 2*i - 2118 = -2*i. Is s composite?
False
Suppose 21*x - 6*x = 0. Is (3/12*x)/(-3) - -1678 composite?
True
Let n(b) = 2*b - 49. Let t be n(22). Is (2/(-3))/((20/73938)/t) composite?
False
Let j = 4479 - -2870. Is j composite?
False
Let w be -25*(36/15)/6. Is 5/w*(1 + (-15774)/2) a prime number?
True
Suppose 93*y - 52*y - 48*y = -2418514. Is y a composite number?
True
Suppose 162*s = -378*s + 158*s + 40756726. Is s a prime number?
True
Suppose -3 = -5*b - 68. Let r(v) be the second derivative of -19*v**3/6 - 42*v**2 + 2*v + 66. Is r(b) a prime number?
True
Let o = -19 + 55. Suppose -2*f + 11*f - o = 0. Suppose f*a = -5*y + 405, 0*y - 2*y = -a + 85. Is a prime?
False
Let z = 204 + -199. Suppose 13*i + 364 = 15*i + 2*p, -i = z*p - 198. Is i composite?
True
Let t(s) = 8*s + 907. Suppose -2*m = -3*m - j - 3, 3*m = 2*j + 6. Is t(m) a prime number?
True
Let u(f) = 26*f**3 + 2*f**2 - 8*f - 5. Suppose x - 7*x = 0. Suppose x = -5*c - 10, -4*g - 2*c = -0*c - 8. Is u(g) a composite number?
False
Let s(b) = 204*b - 39. Let l be s(-16). Let m = 11198 + l. Is m composite?
True
Is (-38)/(-133) + 4756011/21 prime?
False
Let s(r) be the second derivative of 3*r**5/20 - r**4/6 - 2*r**3 + 2*r**2 + 107*r. Is s(7) a prime number?
False
Suppose -1488892 = -4*w - n, 3*n + 1589845 + 1015716 = 7*w. Is w composite?
False
Suppose -8*p + 4*p = 2*x - 4240, -4*p - x + 4238 = 0. Suppose 3698 = 13*h + p. Is h composite?
True
Suppose 281203 + 1070055 = 10*w - 458252. Is w a prime number?
False
Let j(d) = d**3 + 3*d**2 - 8*d - 14. Let s be j(-3). Suppose -s*l = -3*l - 98147. Is l a composite number?
True
Suppose 4*f = -24, -2*a - 24*f + 28*f = -206870. Is a composite?
False
Let v = -4534 + 2247. Is 1*(4 + (-3)/3*v) prime?
False
Suppose 18*h = 46*h - 648004. Is h a prime number?
True
Is (-67935442)/(-1118) - 2/13 - -8 composite?
False
Let i be 12/2 + (-12 - -9). Suppose i*z - 40 = 2*l, -4*z + l = -0*l - 50. Let r(c) = 114*c + 29. Is r(z) composite?
True
Is (78178 + -41)/(1 + 0/(-2)) a composite number?
False
Let r be ((-12)/(-21))/(16/56). Is (-9566)/(4/4 + -5 + r) a prime number?
True
Let u(a) = 137162*a - 4299. Is u(8) a composite number?
False
Suppose 0 = -2*t - 2*t - 5*l - 101, 15 = -3*l. Let r = t + 31. Is 2/r + 18184/48 a prime number?
True
Suppose -p + 2*w = -1643, -6*w + w - 25 = 0. Suppose 4404 - p = z. Is z a prime number?
False
Suppose 0 = -43364*i + 43397*i - 7525617. Is i a prime number?
True
Suppose -26*u + 30*u + 176 = 0. Let c = u + 40. Is 877/c*(13 + -17) a composite number?
False
Suppose 4*i - 3*b - 6874 = -79398, 2*b = 0. Is (-12)/(-14) - i/7 a prime number?
True
Let l = 528 + -521. Suppose -13256 = -15*d + l*d. Is d a prime number?
True
Let d = -36 - -38. Suppose -956 = 4*g + d*o, -3*o - 952 = 4*g + o. Let f = 11 - g. Is f a composite number?
False
Suppose -11*k = -19*k + 9504. Suppose 0 = 3*v - 5*v - 5*h - 418, 3*h = -2*v - 418. Let j = v + k. Is j prime?
False
Let r = 174 + -249. Let c be 20*(-10)/r*3. Is 30/c + -4 + (-1573)/(-4) a prime number?
False
Suppose -10940 = -4*b + 476. Let u = b + -1493. Is u composite?
False
Suppose 0 = 221*a - 222*a - x + 785551, -4*